 -0*x - 3*q, 3*q = -3*x + 1299. What is the remainder when x is divided by 29?
25
Suppose 2*d = 2*w + w - 545, 0 = 3*w + 3*d - 570. What is the remainder when w is divided by ((-60)/(-1760)*(-143)/(-39))/(1/536)?
51
Let n be -4 - -2 - ((-2 - 0) + -12). Let h be n/(-10)*(-20)/3. Suppose -6*v - h*v = -210. Calculate the remainder when 103 is divided by v.
13
Suppose t + 504 = 5*y, 0*t = 3*t + 12. Suppose -546 = -11*g - 359. What is the remainder when y is divided by g?
15
Let o(t) = t**2 - 16*t + 51. Let d be o(12). Suppose -2*p + 5*p = -4*s + 101, s = d*p - 91. Calculate the remainder when p is divided by 2.
1
Let l be (-9 + 10)*194/2. Let h = l + -111. What is the remainder when 208 is divided by -15*(2/3)/(4/h)?
33
Calculate the remainder when (2 - -4 - (-2)/((-10)/(-74815))) + -1 is divided by 19.
15
Let j(d) = 80*d**2 + 24*d - 93. What is the remainder when j(3) is divided by 26?
23
Let j = -24277 + 25871. Calculate the remainder when j is divided by 266.
264
Let x = -11331 - -12050. Calculate the remainder when x is divided by 51.
5
Calculate the remainder when 119 is divided by (-7 + 1 - -16) + 0/1.
9
Suppose 5*i + 40*b - 37*b = 595, -2*i + 207 = -5*b. What is the remainder when 89 is divided by 5 + i/(-20) - 396/(-20)?
13
Let r be (-923)/(-13) - -4*1. Suppose 4*s + 138 = 3*z, 0 = -2*z - 5*s + 2*s + r. What is the remainder when z is divided by 10*-2*(-7)/((-175)/(-15))?
6
Suppose -41*z + 37654 = 93*z - 0*z. Calculate the remainder when z is divided by 70.
1
Let d = 293 + -219. Suppose 3*j = 3*w + 192, 0 = j + 69*w - d*w - 80. What is the remainder when j is divided by (-17)/((-1)/(-1 - -2))?
9
Suppose 3*p = 5 - 2, 57 = 2*b + 3*p. What is the remainder when 141 is divided by (-4)/6 - (-1962)/b?
69
Let g = 3 + -3. Suppose g = 5*h - 5*f - 100, -f + 133 = 5*h + 33. Suppose 2*s - 3*s + 20 = 4*b, 2*b + 8 = s. Calculate the remainder when h is divided by s.
8
Let t be 15/(-9) + 8/12. What is the remainder when 217 is divided by (-6 + 7)*-55*t?
52
Let j = -32 + 32. Suppose 3*m + 471 = 4*x, 5*x + 3*m - 609 = -j*x. Suppose 8*f - x = 4*f. Calculate the remainder when f is divided by 16.
14
Let g = 25 - -151. Suppose i + 4*i = 5*o - 400, -3*o - 3*i + 258 = 0. What is the remainder when o is divided by (0 - 2)/((-16)/g)?
17
Suppose -5*n + 1311 = -v, -v = -136*n + 139*n - 801. Suppose 5*k - 236 = -46. Calculate the remainder when n is divided by k.
36
Let w(s) = 164*s**3 + 9*s**2 + 2*s - 2. Calculate the remainder when w(1) is divided by 169.
4
Let w be (-8)/6*(-72)/16. Suppose -18 = 2*m + 2*x, 2*x + w = -0*x. Calculate the remainder when ((-778)/12 - m/(-36))/(-1) is divided by 17.
14
Suppose 7*b = -18*b + 425. Suppose -985 = -b*w - 33. What is the remainder when w is divided by 30?
26
Let f(y) = -4*y**3 - 14*y**2 - 54*y - 327. What is the remainder when f(-11) is divided by 78?
75
Let y = 2293 - 2290. Let z(a) = -13*a - 3. Let p be z(-2). Suppose -2*t + 4*t - 47 = -5*k, y*t - 2*k = p. What is the remainder when 52 is divided by t?
8
Suppose -17*i + 6*i + 33 = 0. Suppose y + 2*y - 61 = p, 3*p = i*y - 69. What is the remainder when 75 is divided by y?
18
Let q be 0/(3 - 2/2). Suppose -5*j = -q*j - 4*u - 319, 185 = 3*j - 4*u. Suppose 4*y - 189 = j. Calculate the remainder when y is divided by 11.
9
Suppose 21*s - 3346 = 350. Calculate the remainder when s is divided by -10*(-5)/(-10)*-9.
41
Suppose 19*j - 196 - 322 - 109 = 0. What is the remainder when 1205 is divided by j?
17
Let f(q) = 4*q**2 - 16*q + 27. Let c(u) = -11*u**2 + 46*u - 80. Let t(g) = -3*c(g) - 8*f(g). Calculate the remainder when 29 is divided by t(2).
5
Suppose 970 = 8*f - 390. What is the remainder when 352 is divided by f?
12
Let u(p) = 2*p**2 - 8*p + 4. Suppose -4*n + 95 = -49. Suppose 4*q + 8 = 2*w, 0 = -3*w - w + 4*q + n. What is the remainder when u(8) is divided by w?
12
Suppose -4*p = -g + 192, -6*p + 5*p = 0. Calculate the remainder when 197 is divided by g.
5
Suppose -5*x - 18 = 2*q - 278, 4*q - 156 = -3*x. Calculate the remainder when 257 is divided by x.
49
Let m(c) = -c**2 - c - 1. Let i(q) = 3*q**2 + 30*q + 75. Let g(j) = -i(j) - 2*m(j). Calculate the remainder when g(-19) is divided by 5.
3
Suppose 0 = -5*d + 2*q + 224, 2*d - 31 = -3*q + 70. Calculate the remainder when d is divided by -10 + (-55)/(2035/(-1332)).
20
Suppose 17*h = -5*h + 616. Suppose -4*i = -t + h, 0*t - 3*t + 124 = -2*i. What is the remainder when t is divided by 17?
10
Suppose -5*u + 7*u + 1 = 3*w, 5*u = -4*w + 32. Suppose -3*j = w*g - 108, 2*j - 5 - 43 = 4*g. What is the remainder when 157 is divided by j?
29
Calculate the remainder when 1054 is divided by (-21)/14*(24/32)/(36/(-224)).
4
What is the remainder when (-2 - 14/(-10))/(402/(-1809670)) is divided by 12?
1
Suppose 9*c - 50 = 7*c. Suppose 0 = -m - 3*p + 36, 0 = 3*m + 2*p - 5*p - 48. What is the remainder when m is divided by -3*(-30)/c*40/16?
3
Suppose -a + 42 = -4*l, -4*l + 8*l - 110 = -3*a. Suppose 11*z = 1379 + 304. Calculate the remainder when z is divided by a.
1
Suppose 4*l + 276 + 28 = 0. Calculate the remainder when ((-9)/(-6))/((-3)/l) is divided by 12/1 - ((-16)/(-24))/((-4)/(-12)).
8
Suppose -1535 = 14*b - 7051. Let l = b + -372. Calculate the remainder when 41 is divided by l.
19
Let h = -18 - -38. Suppose -30*i - 2373 = -25*i - 26*i. What is the remainder when i is divided by h?
13
Suppose 7*j = 5*j, -2*a = -7*a + 4*j + 325. Let v(y) = y**2 + 34. What is the remainder when a is divided by v(0)?
31
Let d = 995 + -892. What is the remainder when 3187 is divided by d?
97
Suppose -z + 16 = -5*a, z - a - 9 = 23. Calculate the remainder when 311 is divided by z.
23
Let y = 4 + 1. Suppose -5*g + 4*n = -12, 0*g + 15 = -2*g - y*n. Suppose g = 5*v - 3*v - 178. Calculate the remainder when v is divided by 23.
20
Let k = -2170 + 2380. What is the remainder when 642 is divided by k?
12
Suppose -240*i = -276*i + 288. Calculate the remainder when 740 is divided by i.
4
Suppose 5*u = -4*v + 301, 6*u - 9*u + v = -167. Suppose 6 = -j + 21. What is the remainder when u is divided by j?
12
Calculate the remainder when 237 is divided by (754/(-39) - -1)*-3.
17
Calculate the remainder when 243 is divided by (1925/(-8))/(-5) - 17/136.
3
Let v(k) be the third derivative of k**5/30 + k**4/6 + 2*k**3/3 - 4*k**2 + 12. Calculate the remainder when 55 is divided by v(-4).
15
Let k be 3*(4 + 1)*-1. Let r(s) = s**2 + s - 100. What is the remainder when r(k) is divided by 31?
17
Calculate the remainder when (45/(-54))/(4 - (-1352)/(-336)) is divided by 8.
3
Suppose -5*b - k = -3009, 0 = -2*b - 231*k + 233*k + 1194. Calculate the remainder when b is divided by 9.
7
Let p = 156 + 52. Suppose p = -4*h + 8*h. Let l = 3614 + -3603. What is the remainder when h is divided by l?
8
Let q be -4 - -1 - (-15)/3. Suppose 0 = -5*i - q*g + 154, -4*g = -4*i + 121 - 9. What is the remainder when 159 is divided by i?
9
Calculate the remainder when (-3147)/(-13) - 35/455 is divided by 43.
27
Suppose 5*z + 3*f = 40, z - 1 = 6*f - 8*f. Suppose g - 42 = -3*c, 3*c - 30 = -5*g - 0*g. What is the remainder when c is divided by z?
4
Let a(s) = 5*s**3 + 4*s**2 + 2*s. Let n be (-1)/2*-2 - 3. Let x be a(n). Let m = x + 65. What is the remainder when m is divided by 13?
11
Let q be (2006/6 - 20/(-30))/1. Suppose -4*z + 136 + q = 5*b, -12 = -3*z. Calculate the remainder when b is divided by 47.
44
Let t(k) = k**3 + 9*k**2 - 9*k - 13. What is the remainder when t(-8) is divided by 20?
3
Let l = -7366 - -7419. Calculate the remainder when (-1)/2 - (-846)/4 is divided by l.
52
Let f(c) = 3*c**3 - 6*c**2 + c + 2. Let u(p) = 10*p**3 - 18*p**2 + 5*p + 7. Let v(t) = -7*f(t) + 2*u(t). What is the remainder when v(6) is divided by 10?
8
Let g be ((-6)/(-9))/((-4)/(-6)). Suppose 2*p - 161 = -0*p + s, -g = -s. Calculate the remainder when p is divided by 22.
15
Suppose -4*c + 22792 = 4*j, 8*c = 4*c + j + 22807. Calculate the remainder when c is divided by 62.
59
Suppose -13328 = 7*w - 24*w. Calculate the remainder when w is divided by 69.
25
Suppose 0 = -3*j - 0*j + 9. Suppose -277*n + 265*n + 36 = 0. Suppose -5*b - n*s + 107 = 0, -4*b + 33 + 27 = -4*s. What is the remainder when b is divided by j?
1
What is the remainder when (-8)/14 + (-2335)/(-7) + -16 is divided by 45?
2
Let z be 7 + (-1)/(4